{"id":11,"date":"2024-10-16T15:38:46","date_gmt":"2024-10-16T13:38:46","guid":{"rendered":"http:\/\/sklep.tlumaczeniauwielbienia.pl\/?page_id=11"},"modified":"2024-10-16T15:38:47","modified_gmt":"2024-10-16T13:38:47","slug":"zwroty","status":"publish","type":"page","link":"https:\/\/sklep.tlumaczeniauwielbienia.pl\/?page_id=11","title":{"rendered":"Polityka zwrot\u00f3w"},"content":{"rendered":"\n<p>W zwi\u0105zku z obowi\u0105zuj\u0105cym prawem okre\u015blonym w art. 27 ustawy z dnia 30 maja 2014 r. o prawach konsumenta (Dz.U. 2020.287 tj. ze zm.), je\u017celi zakupiony produkt nie spe\u0142ni\u0142 Twoich oczekiwa\u0144, masz mo\u017cliwo\u015b\u0107 dokonania zwrotu w ci\u0105gu 14 dni od dnia otrzymania przesy\u0142ki. Produkt powinien jednak nie zosta\u0107 u\u017cyty. <\/p>\n\n\n\n<p>Tutaj liczymy na Twoje sumienie \ud83d\ude42 <\/p>\n\n\n\n<p><br>Ch\u0119\u0107 odst\u0105pienia od umowy mo\u017cesz zg\u0142osi\u0107 mejlowo pisz\u0105c na adres: <br><a href=\"mailto:sklep.tlumaczeniauwielbienia.pl@dpoczta.pl\">sklep.tlumaczeniauwielbienia.pl@dpoczta.pl<\/a>. W\u00f3wczas poprosimy Ci\u0119 o odes\u0142anie nam pobranego nieu\u017cytego pliku oraz swoich danych: imi\u0119, nazwisko, numer telefonu oraz numer kona bankowego. i zwr\u00f3cimy nale\u017cn\u0105 kwot\u0119 na wskazane przez Ciebie konto bankowe. <\/p>\n\n\n\n<p><\/p>\n\n\n\n<p><\/p>\n\n\n\n<p><\/p>\n\n\n\n<p><\/p>\n","protected":false},"excerpt":{"rendered":"<p>W zwi\u0105zku z obowi\u0105zuj\u0105cym prawem okre\u015blonym w art. 27 ustawy z dnia 30 maja 2014 r. o prawach konsumenta (Dz.U. 2020.287 tj. ze zm.), je\u017celi zakupiony produkt nie spe\u0142ni\u0142 Twoich oczekiwa\u0144, masz mo\u017cliwo\u015b\u0107 dokonania zwrotu w ci\u0105gu 14 dni od dnia otrzymania przesy\u0142ki. Produkt powinien jednak nie zosta\u0107 u\u017cyty. Tutaj liczymy na Twoje sumienie \ud83d\ude42 [&hellip;]<\/p>\n","protected":false},"author":1,"featured_media":0,"parent":0,"menu_order":0,"comment_status":"closed","ping_status":"closed","template":"","meta":{"footnotes":""},"class_list":["post-11","page","type-page","status-publish","hentry"],"_links":{"self":[{"href":"https:\/\/sklep.tlumaczeniauwielbienia.pl\/index.php?rest_route=\/wp\/v2\/pages\/11","targetHints":{"allow":["GET"]}}],"collection":[{"href":"https:\/\/sklep.tlumaczeniauwielbienia.pl\/index.php?rest_route=\/wp\/v2\/pages"}],"about":[{"href":"https:\/\/sklep.tlumaczeniauwielbienia.pl\/index.php?rest_route=\/wp\/v2\/types\/page"}],"author":[{"embeddable":true,"href":"https:\/\/sklep.tlumaczeniauwielbienia.pl\/index.php?rest_route=\/wp\/v2\/users\/1"}],"replies":[{"embeddable":true,"href":"https:\/\/sklep.tlumaczeniauwielbienia.pl\/index.php?rest_route=%2Fwp%2Fv2%2Fcomments&post=11"}],"version-history":[{"count":1,"href":"https:\/\/sklep.tlumaczeniauwielbienia.pl\/index.php?rest_route=\/wp\/v2\/pages\/11\/revisions"}],"predecessor-version":[{"id":115,"href":"https:\/\/sklep.tlumaczeniauwielbienia.pl\/index.php?rest_route=\/wp\/v2\/pages\/11\/revisions\/115"}],"wp:attachment":[{"href":"https:\/\/sklep.tlumaczeniauwielbienia.pl\/index.php?rest_route=%2Fwp%2Fv2%2Fmedia&parent=11"}],"curies":[{"name":"wp","href":"https:\/\/api.w.org\/{rel}","templated":true}]}}